{"id":5,"date":"2023-01-12T17:28:15","date_gmt":"2023-01-12T15:28:15","guid":{"rendered":"https:\/\/estmemoriaal.ee\/?page_id=5"},"modified":"2023-01-13T19:07:57","modified_gmt":"2023-01-13T17:07:57","slug":"pealeht","status":"publish","type":"page","link":"https:\/\/estmemoriaal.ee\/","title":{"rendered":"Pealeht"},"content":{"rendered":"\n<p><\/p>\n\n\n\n<figure class=\"wp-block-image aligncenter size-full\"><img loading=\"lazy\" decoding=\"async\" width=\"960\" height=\"600\" src=\"https:\/\/estmemoriaal.ee\/wp-content\/uploads\/2023\/01\/51510874_2211599022196034_812820237190692864_n-edited-1.jpg\" alt=\"Autor Pjotr Belov\" class=\"wp-image-47\" title=\"Autor Pjotr Belov\" srcset=\"https:\/\/estmemoriaal.ee\/wp-content\/uploads\/2023\/01\/51510874_2211599022196034_812820237190692864_n-edited-1.jpg 960w, https:\/\/estmemoriaal.ee\/wp-content\/uploads\/2023\/01\/51510874_2211599022196034_812820237190692864_n-edited-1-300x188.jpg 300w, https:\/\/estmemoriaal.ee\/wp-content\/uploads\/2023\/01\/51510874_2211599022196034_812820237190692864_n-edited-1-768x480.jpg 768w\" sizes=\"auto, (max-width: 960px) 100vw, 960px\" \/><\/figure>\n\n\n\n<h4 class=\"has-text-align-center wp-block-heading\">MT\u00dc Memoriaal (vana nimi \u00abAntistalinismi komitee\u00bb)<\/h4>\n\n\n\n<p>MT\u00dc p\u00f5hitegevusteks:<\/p>\n\n\n\n<p>-\u00dchiskonna poolse sallimatu suhtumise kujundamine faktide suhtes, mis on seotud stalinismi \u00fclistamise ilmingutega \u00fchiskonnas.<\/p>\n\n\n\n<p>-Koguda stalinismi terrori t\u00f5endeid, terrori all kannatanute loomingut ja m\u00e4lestusi, publitseerida neid;<\/p>\n\n\n\n<p>-Monitooring,mida teostatakse info kogumise teel stalinismi \u00fclistamise ilmingute kohta \u00fchiskonnas ning ajaloolise informatsiooni \u00fcldistamise kaudu.<\/p>\n\n\n\n<p>-Koost\u00f6\u00f6 ning infovahetus teiste riikide analoogiliste organisatsioonide ja struktuuridega.<\/p>\n","protected":false},"excerpt":{"rendered":"<p>MT\u00dc Memoriaal (vana nimi \u00abAntistalinismi komitee\u00bb) MT\u00dc p\u00f5hitegevusteks: -\u00dchiskonna poolse sallimatu suhtumise kujundamine faktide suhtes, mis on seotud stalinismi \u00fclistamise ilmingutega \u00fchiskonnas. -Koguda stalinismi terrori t\u00f5endeid, terrori all kannatanute loomingut ja m\u00e4lestusi, publitseerida neid; -Monitooring,mida teostatakse info kogumise teel stalinismi \u00fclistamise ilmingute kohta \u00fchiskonnas ning ajaloolise informatsiooni \u00fcldistamise kaudu. -Koost\u00f6\u00f6 ning infovahetus teiste riikide analoogiliste [&hellip;]<\/p>\n","protected":false},"author":1,"featured_media":0,"parent":0,"menu_order":0,"comment_status":"closed","ping_status":"closed","template":"","meta":{"site-sidebar-layout":"default","site-content-layout":"","ast-site-content-layout":"","site-content-style":"default","site-sidebar-style":"default","ast-global-header-display":"","ast-banner-title-visibility":"","ast-main-header-display":"","ast-hfb-above-header-display":"","ast-hfb-below-header-display":"","ast-hfb-mobile-header-display":"","site-post-title":"disabled","ast-breadcrumbs-content":"","ast-featured-img":"","footer-sml-layout":"","theme-transparent-header-meta":"","adv-header-id-meta":"","stick-header-meta":"","header-above-stick-meta":"","header-main-stick-meta":"","header-below-stick-meta":"","astra-migrate-meta-layouts":"default","ast-page-background-enabled":"default","ast-page-background-meta":{"desktop":{"background-color":"var(--ast-global-color-4)","background-image":"","background-repeat":"repeat","background-position":"center center","background-size":"auto","background-attachment":"scroll","background-type":"","background-media":"","overlay-type":"","overlay-color":"","overlay-opacity":"","overlay-gradient":""},"tablet":{"background-color":"","background-image":"","background-repeat":"repeat","background-position":"center center","background-size":"auto","background-attachment":"scroll","background-type":"","background-media":"","overlay-type":"","overlay-color":"","overlay-opacity":"","overlay-gradient":""},"mobile":{"background-color":"","background-image":"","background-repeat":"repeat","background-position":"center center","background-size":"auto","background-attachment":"scroll","background-type":"","background-media":"","overlay-type":"","overlay-color":"","overlay-opacity":"","overlay-gradient":""}},"ast-content-background-meta":{"desktop":{"background-color":"var(--ast-global-color-5)","background-image":"","background-repeat":"repeat","background-position":"center center","background-size":"auto","background-attachment":"scroll","background-type":"","background-media":"","overlay-type":"","overlay-color":"","overlay-opacity":"","overlay-gradient":""},"tablet":{"background-color":"var(--ast-global-color-5)","background-image":"","background-repeat":"repeat","background-position":"center center","background-size":"auto","background-attachment":"scroll","background-type":"","background-media":"","overlay-type":"","overlay-color":"","overlay-opacity":"","overlay-gradient":""},"mobile":{"background-color":"var(--ast-global-color-5)","background-image":"","background-repeat":"repeat","background-position":"center center","background-size":"auto","background-attachment":"scroll","background-type":"","background-media":"","overlay-type":"","overlay-color":"","overlay-opacity":"","overlay-gradient":""}},"footnotes":""},"class_list":["post-5","page","type-page","status-publish","hentry"],"_links":{"self":[{"href":"https:\/\/estmemoriaal.ee\/index.php?rest_route=\/wp\/v2\/pages\/5","targetHints":{"allow":["GET"]}}],"collection":[{"href":"https:\/\/estmemoriaal.ee\/index.php?rest_route=\/wp\/v2\/pages"}],"about":[{"href":"https:\/\/estmemoriaal.ee\/index.php?rest_route=\/wp\/v2\/types\/page"}],"author":[{"embeddable":true,"href":"https:\/\/estmemoriaal.ee\/index.php?rest_route=\/wp\/v2\/users\/1"}],"replies":[{"embeddable":true,"href":"https:\/\/estmemoriaal.ee\/index.php?rest_route=%2Fwp%2Fv2%2Fcomments&post=5"}],"version-history":[{"count":8,"href":"https:\/\/estmemoriaal.ee\/index.php?rest_route=\/wp\/v2\/pages\/5\/revisions"}],"predecessor-version":[{"id":185,"href":"https:\/\/estmemoriaal.ee\/index.php?rest_route=\/wp\/v2\/pages\/5\/revisions\/185"}],"wp:attachment":[{"href":"https:\/\/estmemoriaal.ee\/index.php?rest_route=%2Fwp%2Fv2%2Fmedia&parent=5"}],"curies":[{"name":"wp","href":"https:\/\/api.w.org\/{rel}","templated":true}]}}

<p></p>



<figure class="wp-block-image aligncenter size-full"><img loading="lazy" decoding="async" width="960" height="600" src="https://estmemoriaal.ee/wp-content/uploads/2023/01/51510874_2211599022196034_812820237190692864_n-edited-1.jpg" alt="Autor Pjotr Belov" class="wp-image-47" title="Autor Pjotr Belov" srcset="https://estmemoriaal.ee/wp-content/uploads/2023/01/51510874_2211599022196034_812820237190692864_n-edited-1.jpg 960w, https://estmemoriaal.ee/wp-content/uploads/2023/01/51510874_2211599022196034_812820237190692864_n-edited-1-300x188.jpg 300w, https://estmemoriaal.ee/wp-content/uploads/2023/01/51510874_2211599022196034_812820237190692864_n-edited-1-768x480.jpg 768w" sizes="auto, (max-width: 960px) 100vw, 960px" /></figure>



<h4 class="has-text-align-center wp-block-heading">MTÜ Memoriaal (vana nimi «Antistalinismi komitee»)</h4>



<p>MTÜ põhitegevusteks:</p>



<p>-Ühiskonna poolse sallimatu suhtumise kujundamine faktide suhtes, mis on seotud stalinismi ülistamise ilmingutega ühiskonnas.</p>



<p>-Koguda stalinismi terrori tõendeid, terrori all kannatanute loomingut ja mälestusi, publitseerida neid;</p>



<p>-Monitooring,mida teostatakse info kogumise teel stalinismi ülistamise ilmingute kohta ühiskonnas ning ajaloolise informatsiooni üldistamise kaudu.</p>



<p>-Koostöö ning infovahetus teiste riikide analoogiliste organisatsioonide ja struktuuridega.</p>

<p>MTÜ Memoriaal (vana nimi «Antistalinismi komitee») MTÜ põhitegevusteks: -Ühiskonna poolse sallimatu suhtumise kujundamine faktide suhtes, mis on seotud stalinismi ülistamise ilmingutega ühiskonnas. -Koguda stalinismi terrori tõendeid, terrori all kannatanute loomingut ja mälestusi, publitseerida neid; -Monitooring,mida teostatakse info kogumise teel stalinismi ülistamise ilmingute kohta ühiskonnas ning ajaloolise informatsiooni üldistamise kaudu. -Koostöö ning infovahetus teiste riikide analoogiliste [&hellip;]</p>
